ded by 125?
13
What is the remainder when 2280 is divided by 52?
44
Calculate the remainder when 95278 is divided by 95273.
5
Calculate the remainder when 1977 is divided by 28.
17
Calculate the remainder when 1153 is divided by 513.
127
Calculate the remainder when 46308 is divided by 119.
17
What is the remainder when 141 is divided by 109?
32
Calculate the remainder when 6900722 is divided by 17.
14
Calculate the remainder when 8874 is divided by 2927.
93
What is the remainder when 1271 is divided by 243?
56
Calculate the remainder when 4948 is divided by 111.
64
Calculate the remainder when 46112 is divided by 57.
56
Calculate the remainder when 70352 is divided by 23447.
11
What is the remainder when 18558 is divided by 79?
72
Calculate the remainder when 1718 is divided by 10.
8
What is the remainder when 12963 is divided by 116?
87
What is the remainder when 5356 is divided by 938?
666
Calculate the remainder when 129460 is divided by 1363.
1338
What is the remainder when 7351 is divided by 667?
14
What is the remainder when 96097 is divided by 3696?
1
Calculate the remainder when 5103 is divided by 88.
87
Calculate the remainder when 6018 is divided by 1187.
83
What is the remainder when 6667 is divided by 729?
106
Calculate the remainder when 28925 is divided by 1377.
8
Calculate the remainder when 21269 is divided by 70.
59
What is the remainder when 17757 is divided by 222?
219
What is the remainder when 178442 is divided by 377?
121
What is the remainder when 34236 is divided by 1032?
180
Calculate the remainder when 1872 is divided by 598.
78
Calculate the remainder when 1133 is divided by 96.
77
What is the remainder when 129368 is divided by 99?
74
Calculate the remainder when 346077 is divided by 309.
306
What is the remainder when 422 is divided by 269?
153
What is the remainder when 51722 is divided by 53?
47
Calculate the remainder when 5116 is divided by 85.
16
What is the remainder when 780 is divided by 117?
78
Calculate the remainder when 6659 is divided by 252.
107
What is the remainder when 21554 is divided by 161?
141
What is the remainder when 2973 is divided by 113?
35
What is the remainder when 94689 is divided by 644?
21
Calculate the remainder when 6456 is divided by 29.
18
What is the remainder when 3898 is divided by 1285?
43
What is the remainder when 150825 is divided by 13?
12
Calculate the remainder when 1335 is divided by 32.
23
Calculate the remainder when 604344 is divided by 237.
231
What is the remainder when 577794 is divided by 6082?
4
What is the remainder when 3375 is divided by 1683?
9
What is the remainder when 10880 is divided by 35?
30
Calculate the remainder when 404176 is divided by 32.
16
What is the remainder when 1653688 is divided by 16?
8
Calculate the remainder when 3511 is divided by 1091.
238
Calculate the remainder when 144498 is divided by 72244.
10
Calculate the remainder when 217 is divided by 185.
32
Calculate the remainder when 191499 is divided by 50.
49
Calculate the remainder when 3588 is divided by 359.
357
What is the remainder when 1093710 is divided by 72913?
15
Calculate the remainder when 7325 is divided by 731.
15
Calculate the remainder when 28237 is divided by 2182.
2053
What is the remainder when 7241 is divided by 2407?
20
What is the remainder when 225207 is divided by 10?
7
What is the remainder when 2173 is divided by 112?
45
Calculate the remainder when 17678 is divided by 4.
2
Calculate the remainder when 51798 is divided by 259.
257
Calculate the remainder when 5733 is divided by 243.
144
What is the remainder when 835 is divided by 404?
27
What is the remainder when 4539 is divided by 1206?
921
What is the remainder when 13924 is divided by 43?
35
Calculate the remainder when 7479 is divided by 448.
311
Calculate the remainder when 31401 is divided by 119.
104
What is the remainder when 118828 is divided by 58?
44
What is the remainder when 808997 is divided by 654?
653
Calculate the remainder when 12254 is divided by 18.
14
Calculate the remainder when 1412 is divided by 86.
36
Calculate the remainder when 1524191 is divided by 96.
95
Calculate the remainder when 28648 is divided by 953.
58
What is the remainder when 141317 is divided by 16?
5
What is the remainder when 132835 is divided by 820?
815
Calculate the remainder when 598320 is divided by 263.
258
What is the remainder when 4196 is divided by 1984?
228
Calculate the remainder when 393257 is divided by 108.
29
Calculate the remainder when 368217 is divided by 52601.
10
What is the remainder when 1259 is divided by 514?
231
Calculate the remainder when 4232 is divided by 19.
14
Calculate the remainder when 9809 is divided by 4898.
13
Calculate the remainder when 32159 is divided by 6429.
14
What is the remainder when 206974 is divided by 24?
22
What is the remainder when 213998 is divided by 18?
14
What is the remainder when 4675 is divided by 1488?
211
Calculate the remainder when 2406 is divided by 1037.
332
What is the remainder when 573078 is divided by 44?
22
Calculate the remainder when 1519 is divided by 283.
104
What is the remainder when 1132 is divided by 128?
108
Calculate the remainder when 261178 is divided by 6873.
4
What is the remainder when 37112 is divided by 77?
75
What is the remainder when 1330736 is divided by 36?
32
What is the remainder when 4368 is divided by 225?
93
Calculate the remainder when 71888 is divided by 17971.
4
What is the remainder when 25239 is divided by 8410?
9
What is the remainder when 77869 is divided by 244?
33
What is the remainder when 1503 is divided by 364?
47
What is the remainder when 37190 is divided by 37?
5
What is the remainder when 17127 is divided by 2429?
124
What is the remainder when 22132 is divided by 819?
19
Calculate the remainder when 20097 is divided by 333.
117
What is the remainder when 31099 is divided by 311?
310
What is the remainder when 69802 is divided by 9?
7
Calculate the remainder when 17645 is divided by 8822.
1
Calculate the remainder when 19579 is divided by 2433.
115
Calculate the remainder when 345403 is divided by 147.
100
Calculate the remainder when 3031 is divided by 69.
64
Calculate the remainder when 5839 is divided by 2905.
29
Calculate the remainder when 13910 is divided by 352.
182
What is the remainder when 753619 is divided by 18?
13
What is the remainder when 349673 is divided by 355?
353
Calculate the remainder when 3134 is divided by 349.
342
What is the remainder when 101 is divided by 17?
16
What is the remainder when 10034 is divided by 193?
191
What is the remainder when 257356 is divided by 85761?
73
Calculate the remainder when 9706 is divided by 180.
166
Calculate the remainder when 6055 is divided by 145.
110
Calculate the remainder when 845101 is divided by 422542.
17
Calculate the remainder when 158467 is divided by 4951.
35
Calculate the remainder when 8579 is divided by 995.
619
What is the remainder when 116229 is divided by 668?
665
What is the remainder when 57819 is divided by 104?
99
What is the remainder when 174123 is divided by 137?
133
What is the remainder when 3732745 is divided by 21?
16
Calculate the remainder when 1912 is divided by 137.
131
What is the remainder when 10493 is divided by 1824?
1373
Calculate the remainder when 2232 is divided by 201.
21
What is the remainder when 110239 is divided by 36744?
7
Calculate the remainder when 153756 is divided by 22.
20
What is the remainder when 809740 is divided by 790?
780
What is the remainder when 173780 is divided by 13?
9
What is the remainder when 3594722 is divided by 38?
36
What is the remainder when 1936 is divided by 8?
0
What is the remainder when 8633 is divided by 66?
53
Calculate the remainder when 2006 is divided by 702.
602
What is the remainder when 9899 is divided by 260?
19
Calculate the remainder when 78974 is divided by 25.
24
What is the remainder when 2081 is divided by 90?
11
Calculate the remainder when 18206 is divided by 416.
318
Calculate the remainder when 10145 is divided by 167.
125
Calculate the remainder when 7471 is divided by 103.
55
What is the remainder when 15628 is divided by 295?
288
Calculate the remainder when 5223 is divided by 577.
30
What is the remainder when 166313 is divided by 3